3
Let g = -29 + 160. Suppose 2*s - 5*q + g = 5*s, 3*q - 3 = 0. Let t = 69 - s. What are the prime factors of t?
3
Suppose 0 = -7*f + 8*f - 4. Suppose 9 = -f*y - 0*a + a, -y = 2*a. Let z(x) = x**2 - 5*x - 3. List the prime factors of z(y).
11
Suppose 2*k - 2*g = 10, -3*k - 3*g = k - 48. Suppose -k = -c - 5. Let m = 59 - c. What are the prime factors of m?
5, 11
Suppose -4*y - 2304 = -19*v + 21*v, v = 4. Suppose 11 = 3*g + 65. What are the prime factors of y/g + (-10)/90?
2
Suppose 4*y - 9*y = -30. Suppose 0 = -y*i - 346 - 302. Let w = -40 - i. List the prime factors of w.
2, 17
Suppose -4*m + r + 16643 = 0, -r = 2*m - 2226 - 6097. What are the prime factors of m?
3, 19, 73
Let s(i) = i**2 + i - 1. Let n be s(-3). Let v(r) = 3*r**2 + 3*r. Let m be v(n). Suppose -2*f = -l - l - 36, 0 = 5*f + l - m. What are the prime factors of f?
2, 3
Let f(q) = 30*q**2 - 75*q + 1673. List the prime factors of f(28).
7, 3299
Let a = -6930 + 12698. List the prime factors of a.
2, 7, 103
Let g = 118 + -114. Suppose -952 = -3*u + g*x + 105, 3*u + x = 1037. What are the prime factors of u?
347
Suppose 30*d - 49020 = -13*d. What are the prime factors of 1/((-3400)/d - (-2 + -1))?
3, 19
Let h(t) = 2 - 3 + 2 + 10*t - t**3 - 3*t**2 - t. Suppose -338*f = -343*f - 35. What are the prime factors of h(f)?
2, 67
Let c(o) = 5*o**2 - 359*o + 668. What are the prime factors of c(111)?
2, 2803
Let b(j) = -2465*j - 79. List the prime factors of b(-1).
2, 1193
Let t be ((-2808)/91)/12 + 3/(-7). Let p(x) = 116*x**2 - 6*x - 19. List the prime factors of p(t).
7, 149
Let x = 103956 + -59953. List the prime factors of x.
79, 557
Let d(r) = -29*r - 61. Let n(l) = l**2 + 12*l - 27. Let s be n(-13). What are the prime factors of d(s)?
3, 5, 23
Suppose -216*b = -227*b + 12925. Suppose 2*a - 4*w - 1166 = 0, 2*a - b = -w - 4*w. What are the prime factors of a?
3, 5, 13
Let f(c) = 3*c - 106. Let z(k) = k + 1. Let b(v) = -f(v) + 4*z(v). Suppose -9*u + 3*u = -28*u. List the prime factors of b(u).
2, 5, 11
Let l = -19625 - -35564. List the prime factors of l.
3, 7, 11, 23
Suppose -974693 = -30*u + 311287. List the prime factors of u.
2, 21433
Let y be 1/1*(-4 - -4). Suppose 3*j + 15 = y, 2*j + 704 = 2*i - 90. List the prime factors of i.
2, 7
Suppose 4*b - 39 = 129. Suppose 0 = -5*x + 38 + b. List the prime factors of (x/(-5))/(10/(-75)).
2, 3
Suppose 0 = 3*n + 5*j - 60557, 5*n = -0*n - 3*j + 100891. List the prime factors of n.
2, 7, 11, 131
Suppose -5*c - 309 = -1229. Suppose -15*p = -19*p - c. Let n = p + 53. List the prime factors of n.
7
Let i(h) = -h**2 - 10*h + 56. Let q be i(-14). Suppose q = -5*y + 3*y + 10, -2*m + 2*y = -92. List the prime factors of m.
3, 17
Let x = 887 - -26. Let p = x + -452. What are the prime factors of p?
461
Let w(t) = -2*t + 2. Let o(v) = -238*v**2 + 35*v - 35. Let l(x) = -o(x) - 14*w(x). List the prime factors of l(1).
2, 7, 17
Let s(p) = 25*p**2 - 7*p + 74. Let n(r) = -r**3 - 13*r**2 - 26*r - 36. Let v be n(-11). What are the prime factors of s(v)?
2, 809
Let o(k) = -k**2 + 13*k - 23. Let l be o(7). Suppose 15*x + 1000 = l*x. What are the prime factors of x?
2, 5
Suppose 2*b - 29 - 1 = 0. Let u = -13 + b. Suppose 0*v - u*t = 5*v - 379, 3*t - 68 = -v. List the prime factors of v.
7, 11
Let y = 3020 - 1293. What are the prime factors of y?
11, 157
Let k be 5 + (-1 - (-5 - -9)) + 12. Suppose 5*y = k*y - 4291. List the prime factors of y.
613
Suppose 4*y - 26 = 2*z, 5*z - 15 = -2*y - 56. Let k(o) = -o**3 - 4*o**2 - 10*o - 4. List the prime factors of k(z).
491
Let l(t) = t**3 - 6*t**2 + 5*t + 3. Let m be l(5). Suppose -2*k = m*f + 1781, -5*k = -2*k + 12. List the prime factors of 3/(-15) - 4/(20/f).
2, 59
Suppose 17*v = 49156 + 38020. List the prime factors of v.
2, 641
Let v(i) = 314*i - 504. What are the prime factors of v(33)?
2, 3, 31, 53
Let n(l) = -l**2 - 7*l + 10. Let w be n(-5). Let o(x) = 5*x - w*x**3 + 4*x**3 + 3 - x**2 - x. What are the prime factors of o(-2)?
7, 17
Suppose -o - 55 = 3*t - 82, 0 = 2*o + 4*t - 46. Let i(m) = 3*m**2 + 60*m + 46. List the prime factors of i(o).
1621
Suppose -1147 = -29*h - 2*h. List the prime factors of h - 38 - ((-5490)/(-3))/(-3).
3, 7, 29
Let g = 5129 + 18471. List the prime factors of g.
2, 5, 59
Let a be 10742 - (4 - (4 + -2)). What are the prime factors of (a/(-90))/((-2)/3)?
179
Suppose 4*y + 345775 = 7*k, 2*k - y - 95111 - 3681 = 0. List the prime factors of k.
49393
Let o = 5842 - -200. List the prime factors of o.
2, 3, 19, 53
Suppose -167*b = -78*b - 87*b - 49958. List the prime factors of b.
24979
Let y(n) = -n**3 - 7*n**2 - 6*n + 31. Suppose -32*l - l = 231. What are the prime factors of y(l)?
73
Suppose -4*a + m = -2115, 2*m + 342 + 185 = a. Let q = 1283 - a. What are the prime factors of q?
2, 13, 29
Let c = 948 + -1868. List the prime factors of (2776/(-10))/(23/(c/16)).
2, 347
Let a(f) = 1151*f**2 - 48*f - 197. What are the prime factors of a(-5)?
2, 3, 1601
Let s = 448 - -2939. What are the prime factors of s?
3, 1129
Suppose -5*b - 15 = 0, -b + 7 = 2*o - 10. What are the prime factors of (7/o*-2)/((-62)/56110)?
7, 181
List the prime factors of 49/(-28) - (3 + (-5970)/24).
2, 61
Suppose -f + 4*w = 1449, 11*f = 7*f + 5*w - 5840. Let a = f - -2286. What are the prime factors of a?
821
Suppose -2*a + 2342 = m - 1007, 3*m = 3*a - 5010. Suppose -5*q + 1084 = 2*n - 593, 5*q + 3*n = a. What are the prime factors of q?
337
Suppose -3913 = -2*t - 4*p + 59, 3*p = t - 1961. List the prime factors of t.
2, 13, 19
Let k(g) = -g**3 + 10*g**2 - 79*g + 54. What are the prime factors of k(-18)?
2, 3, 293
Let n(i) = 2*i**2 - 19*i - 122. Let d be n(-12). Suppose -x = 2*b - 525, d = 5*b + 5*x - 931. List the prime factors of b.
2, 5, 13
Let f = -3 - 12. Let u = f + 0. What are the prime factors of (-370)/(-3) + ((-10)/u - 1)?
3, 41
Suppose a + 897 - 1504 - 1047 = 0. List the prime factors of a.
2, 827
Let h(r) = 16*r + 269. What are the prime factors of h(46)?
3, 5, 67
Let q = 578 + -593. Let u(i) = 2*i - i - 6*i - 35. List the prime factors of u(q).
2, 5
Suppose 81*w = 2896220 + 159262. List the prime factors of w.
2, 3, 6287
What are the prime factors of (-14588)/(-1) - 3 - (188 + -197)?
2, 7297
Let v(b) = 8*b**2 + 13*b + 6. Let y(r) = 3*r - 8 + 3 - 5*r + 4. Let l be y(2). List the prime factors of v(l).
3, 47
Suppose -123*v + 62*v = -415837. What are the prime factors of v?
17, 401
Let v(t) = -21*t**2 + 15*t + 9. Let d(b) = -4*b**2 + 3*b + 2. Let i(o) = -11*d(o) + 2*v(o). Let n = -46 + 43. List the prime factors of i(n).
23
Suppose 408744 = 15*k - 10*k + 23*k. List the prime factors of k.
2, 3, 811
Suppose -17*d - 10 = -7*d. Let y be ((-4 - -4) + -6)*d/3. Suppose -y*h + 100 = 2*h. What are the prime factors of h?
5
Let g be (10 - 7) + 0/2. Suppose 3*q = -4*a + 566, -g*q = -5*a - 435 - 167. What are the prime factors of q?
2, 97
Let c be (-8)/(-2) + -8 + 7. Suppose 1 = -c*q + 10, -2*q + 543 = i. Suppose -3*n + 3*m + i = 0, -4*n - 5*m + 9 = -680. List the prime factors of n.
2, 11
Suppose 3*t - 2*b = 40, -3*t = -2*b + 5*b - 60. What are the prime factors of (10/15)/(t/1032)?
43
Suppose -4*q + 3*d = -20900, 0 = -4*q - d - 9312 + 30196. List the prime factors of q.
2, 7, 373
Let p = -711 - -18574. List the prime factors of p.
17863
Let f be (-55)/(-2)*8/50*640. Suppose -4*z + 0*m = -2*m - 2242, -5*z = 2*m - f. What are the prime factors of z?
2, 281
Let y(c) = -5 - 10 + 29*c + 44 - 31. Let o be (-4)/10 + 42/5. What are the prime factors of y(o)?
2, 5, 23
Let f(b) = -68*b + 2. Let o be 1/2*-1*2. Let y be f(o). List the prime factors of (174/2)/((-7)/(y/(-15))).
2, 29
Let k be (-216)/(-5)*15/6. What are the prime factors of -1 - (-4 + k)/(-4)?
5
Let m(f) = 203*f - 41. Let y(u) = -101*u + 21. Let n(x) = 6*m(x) + 11*y(x). List the prime factors of n(2).
199
Let s be (-6)/9*24855/10. Let r = -990 - s. List the prime factors of r.
23, 29
Let k(j) = -j**2 + j - 86 + 2*j**2 + 61 + 2*j. Let q be k(-5). List the prime factors of 6/q + (-2 - (-557)/5).
109
Let n(w) = -12477*w**3 - 4*w**2 - 4*w + 2. List the prime factors of n(-1).
12479
Let j be (-6)/5*(-220)/132. Suppose -p + 1707 = j*a, -4*p + a = p - 8480. List the prime factors of p.
1697
Let r(p) = -844*p**2 + 28*p - 7 + 848*p**2 + 9*p. What are the prime factors of r(-11)?
